{"id":28,"date":"2021-11-23T07:49:51","date_gmt":"2021-11-23T06:49:51","guid":{"rendered":"http:\/\/imkerei.kuk-renner.at\/?page_id=28"},"modified":"2021-11-23T13:23:43","modified_gmt":"2021-11-23T12:23:43","slug":"artikel","status":"publish","type":"page","link":"https:\/\/imkerei.kuk-renner.at\/?page_id=28","title":{"rendered":"Links"},"content":{"rendered":"\n<p><strong>Imkereibedarf<\/strong><\/p>\n\n\n\n<p><a href=\"https:\/\/www.bienenfabrik.at\" target=\"_blank\" rel=\"noreferrer noopener\">Bienenfabrik e.U.<\/a><\/p>\n\n\n\n<p><a href=\"https:\/\/beutenwelt.at\" target=\"_blank\" rel=\"noreferrer noopener\">Beutenwelt GmbH.<\/a><\/p>\n\n\n\n<p><a rel=\"noreferrer noopener\" href=\"https:\/\/www.bienen-ruck.de\" target=\"_blank\">Bienen Ruck GmbH.<\/a><\/p>\n\n\n\n<p><a rel=\"noreferrer noopener\" href=\"https:\/\/www.bienen-janisch.at\/\" target=\"_blank\">Bienen Janisch GmbH.<\/a><\/p>\n\n\n\n<p><a href=\"https:\/\/www.wachs-hoedl.com\" target=\"_blank\" rel=\"noreferrer noopener\">Wachs-H\u00f6dl GmbH.<\/a><\/p>\n\n\n\n<p><strong>Sponsoren<\/strong><\/p>\n\n\n\n<p><\/p>\n\n\n\n<p><strong>Imker<\/strong><\/p>\n\n\n\n<p><\/p>\n\n\n\n<p><strong>diverse Links<\/strong><\/p>\n\n\n\n<p><a href=\"https:\/\/www.imkerbund.at\" target=\"_blank\" rel=\"noreferrer noopener\">\u00d6sterreichischer Imkerbund<\/a><\/p>\n\n\n\n<p><a href=\"https:\/\/www.biene-oesterreich.at\" target=\"_blank\" rel=\"noreferrer noopener\">Biene \u00d6sterreich<\/a><\/p>\n\n\n\n<p><a href=\"https:\/\/www.erwerbsimkerbund.at\" target=\"_blank\" rel=\"noreferrer noopener\">\u00d6sterreichischer Erwerbsimkerbund<\/a><\/p>\n\n\n\n<p><a href=\"https:\/\/www.bienenaktuell.com\" target=\"_blank\" rel=\"noreferrer noopener\">Bienenaktuell<\/a><\/p>\n\n\n\n<p><a href=\"https:\/\/naturschutzbund.at\/die-biene.html\" target=\"_blank\" rel=\"noreferrer noopener\">Die Biene &#8211; Naturschutzbund \u00d6sterreich<\/a><\/p>\n\n\n\n<p><a href=\"https:\/\/www.bienenzentrum.at\" target=\"_blank\" rel=\"noreferrer noopener\">Bienenzentrum Ober\u00f6sterreich<\/a><\/p>\n\n\n\n<p><a href=\"https:\/\/bienenforum.at\" target=\"_blank\" rel=\"noreferrer noopener\">Bienenforum<\/a><\/p>\n\n\n\n<p><a href=\"https:\/\/www.buckfast.at\" target=\"_blank\" rel=\"noreferrer noopener\">\u00d6sterreichischer\u00a0Buckfastzuchtverband<\/a><\/p>\n\n\n\n<p><a href=\"https:\/\/portal.statistik.at\" target=\"_blank\" rel=\"noreferrer noopener\">VIS &#8211; Statistik Austria Portal<\/a><\/p>\n\n\n\n<p><a href=\"https:\/\/lfs-warth.ac.at\/partner\/noe-imkerschule\/\" target=\"_blank\" rel=\"noreferrer noopener\">N\u00d6 Imkerschule Warth Aichhof<\/a><\/p>\n\n\n\n<p><\/p>\n","protected":false},"excerpt":{"rendered":"<p>Imkereibedarf Bienenfabrik e.U. Beutenwelt GmbH. Bienen Ruck GmbH. Bienen Janisch GmbH. Wachs-H\u00f6dl GmbH. Sponsoren Imker diverse Links \u00d6sterreichischer Imkerbund Biene \u00d6sterreich \u00d6sterreichischer Erwerbsimkerbund Bienenaktuell Die Biene &#8211; Naturschutzbund \u00d6sterreich Bienenzentrum Ober\u00f6sterreich Bienenforum \u00d6sterreichischer\u00a0Buckfastzuchtverband VIS &#8211; Statistik Austria Portal N\u00d6 Imkerschule Warth Aichhof<\/p>\n","protected":false},"author":1,"featured_media":0,"parent":0,"menu_order":0,"comment_status":"closed","ping_status":"closed","template":"","meta":{"footnotes":""},"class_list":["post-28","page","type-page","status-publish","hentry"],"_links":{"self":[{"href":"https:\/\/imkerei.kuk-renner.at\/index.php?rest_route=\/wp\/v2\/pages\/28","targetHints":{"allow":["GET"]}}],"collection":[{"href":"https:\/\/imkerei.kuk-renner.at\/index.php?rest_route=\/wp\/v2\/pages"}],"about":[{"href":"https:\/\/imkerei.kuk-renner.at\/index.php?rest_route=\/wp\/v2\/types\/page"}],"author":[{"embeddable":true,"href":"https:\/\/imkerei.kuk-renner.at\/index.php?rest_route=\/wp\/v2\/users\/1"}],"replies":[{"embeddable":true,"href":"https:\/\/imkerei.kuk-renner.at\/index.php?rest_route=%2Fwp%2Fv2%2Fcomments&post=28"}],"version-history":[{"count":5,"href":"https:\/\/imkerei.kuk-renner.at\/index.php?rest_route=\/wp\/v2\/pages\/28\/revisions"}],"predecessor-version":[{"id":42,"href":"https:\/\/imkerei.kuk-renner.at\/index.php?rest_route=\/wp\/v2\/pages\/28\/revisions\/42"}],"wp:attachment":[{"href":"https:\/\/imkerei.kuk-renner.at\/index.php?rest_route=%2Fwp%2Fv2%2Fmedia&parent=28"}],"curies":[{"name":"wp","href":"https:\/\/api.w.org\/{rel}","templated":true}]}}